4?
2, 24121, 111317
What are the prime factors of 66117031?
563, 117437
What are the prime factors of 68167941?
3, 22722647
What are the prime factors of 14134117?
337, 41941
What are the prime factors of 3039253747?
397, 2551, 3001
What are the prime factors of 264836309?
59, 4488751
List the prime factors of 339897352.
2, 42487169
What are the prime factors of 5105763751?
11, 29, 16005529
List the prime factors of 201477141.
3, 22386349
List the prime factors of 322597740.
2, 3, 5, 29, 185401
What are the prime factors of 61932477?
3, 59, 131, 2671
List the prime factors of 510099593.
19, 151, 177797
List the prime factors of 2239175649.
3, 23, 32451821
List the prime factors of 16918891.
11, 1538081
List the prime factors of 33754478.
2, 23, 733793
List the prime factors of 77967544.
2, 29, 83, 4049
What are the prime factors of 2762223599?
8941, 308939
List the prime factors of 1213262765.
5, 11, 13, 19, 23, 353
What are the prime factors of 18075724?
2, 107, 157, 269
What are the prime factors of 349438545?
3, 5, 29, 37, 7237
List the prime factors of 306014538.
2, 3, 51002423
What are the prime factors of 94627145?
5, 29, 652601
What are the prime factors of 27068588?
2, 197, 34351
List the prime factors of 899575060.
2, 5, 17, 2645809
What are the prime factors of 310654306?
2, 53, 1453, 2017
List the prime factors of 163864396.
2, 647, 63317
What are the prime factors of 459320126?
2, 2179, 105397
List the prime factors of 505969162.
2, 83, 281, 10847
What are the prime factors of 529757484?
2, 3, 44146457
What are the prime factors of 97599420?
2, 3, 5, 542219
What are the prime factors of 256981517?
13, 19, 1040411
List the prime factors of 1809345887.
17, 47, 2264513
What are the prime factors of 8770569703?
7, 89, 14077961
List the prime factors of 7090454.
2, 7, 506461
What are the prime factors of 2541757550?
2, 5, 17, 37, 80819
List the prime factors of 547330002.
2, 3, 151, 389, 1553
What are the prime factors of 19412661?
3, 19, 340573
What are the prime factors of 70958202?
2, 3, 7, 53, 127, 251
List the prime factors of 566677487.
29, 163, 119881
List the prime factors of 27167340.
2, 3, 5, 19, 23831
What are the prime factors of 960577434?
2, 3, 17788471
What are the prime factors of 1994550275?
5, 1487, 53653
What are the prime factors of 655001770?
2, 5, 65500177
What are the prime factors of 383516884?
2, 4799, 19979
What are the prime factors of 3227774810?
2, 5, 13, 181, 137177
List the prime factors of 197369113.
197369113
List the prime factors of 215055043.
7, 251, 122399
List the prime factors of 3085730783.
43, 71761181
What are the prime factors of 412161034?
2, 19, 10846343
What are the prime factors of 192580217?
53, 227, 16007
List the prime factors of 5896645752.
2, 3, 167, 1471219
What are the prime factors of 320133761?
10103, 31687
List the prime factors of 1009653154.
2, 17, 29, 47, 21787
List the prime factors of 3030482981.
3030482981
List the prime factors of 793130075.
5, 1181, 26863
List the prime factors of 241707888.
2, 3, 421, 443
What are the prime factors of 57385652?
2, 523, 27431
List the prime factors of 185707823.
7, 26529689
What are the prime factors of 259991695?
5, 89, 677, 863
What are the prime factors of 8923290430?
2, 5, 29, 41, 750487
List the prime factors of 359436612.
2, 3, 29953051
What are the prime factors of 1708974670?
2, 5, 13, 463, 28393
List the prime factors of 5541893.
7, 791699
What are the prime factors of 451750126?
2, 225875063
What are the prime factors of 25535294?
2, 53, 240899
What are the prime factors of 106225947?
3, 11802883
List the prime factors of 853392723.
3, 1031, 275911
What are the prime factors of 978662839?
7, 11, 31, 37, 1583
List the prime factors of 3453113082.
2, 3, 575518847
List the prime factors of 1685457580.
2, 5, 73, 107, 10789
What are the prime factors of 7091056?
2, 7, 63313
List the prime factors of 1313307801.
3, 13, 359, 31267
What are the prime factors of 61036241?
7, 31, 281273
What are the prime factors of 94708089?
3, 7, 23, 21787
List the prime factors of 3744014437.
73, 51287869
What are the prime factors of 1894650325?
5, 2129, 35597
What are the prime factors of 2148667590?
2, 3, 5, 23, 647, 4813
List the prime factors of 811186320.
2, 3, 5, 7, 113, 4273
List the prime factors of 1518578685.
3, 5, 13, 79, 1217
What are the prime factors of 76025217?
3, 59, 429521
List the prime factors of 93812770.
2, 5, 9381277
List the prime factors of 2704237655.
5, 7, 1201, 64333
What are the prime factors of 1219293122?
2, 43, 14177827
List the prime factors of 22682143.
11, 19, 41, 2647
What are the prime factors of 91617572?
2, 22904393
List the prime factors of 2340224905.
5, 43, 10884767
List the prime factors of 3040371868.
2, 17, 19, 1093, 2153
What are the prime factors of 366151976?
2, 41, 1116317
List the prime factors of 15376572.
2, 3, 53, 8059
What are the prime factors of 143149094?
2, 11, 107, 60811
What are the prime factors of 6549202045?
5, 23, 56949583
List the prime factors of 171704645.
5, 7, 383, 12809
List the prime factors of 382059728.
2, 67, 356399
List the prime factors of 723373485.
3, 5, 131, 368129
List the prime factors of 75531716.
2, 13, 1452533
What are the prime factors of 57479022?
2, 3, 31, 239, 431
List the prime factors of 500660355.
3, 5, 13, 19, 135131
What are the prime factors of 725021183?
4201, 172583
List the prime factors of 1996403.
1996403
List the prime factors of 286142493.
3, 7, 13, 31, 33811
List the prime factors of 123978989.
263, 471403
List the prime factors of 301780035.
3, 5, 6706223
What are the prime factors of 146133804?
2, 3, 12177817
What are the prime factors of 94287037?
13, 1063, 6823
What are the prime factors of 810632459?
7, 13, 191, 46639
What are the prime factors of 47150765?
5, 37, 254869
List the prime factors of 315313943.
7, 17, 193, 13729
List the prime factors of 1564015352.
2, 195501919
List the prime factors of 44171911.
7, 6310273
List the prime factors of 19761286.
2, 9880643
List the prime factors of 3066379846.
2, 1533189923
What are the prime factors of 7086855?
3, 5, 472457
List the prime factors of 1217624285.
5, 103, 109, 199
What are the prime factors of 597548572?
2, 17, 2539, 3461
What are the prime factors of 245369533?
37, 173, 38333
List the prime factors of 1303148929.
167, 593, 13159
List the prime factors of 2569319776.
2, 41, 191, 10253
List the prime factors of 146693430.
2, 3, 5, 13, 13931
List the prime factors of 136457800.
2, 5, 682289
What are the prime factors of 95722499?
2399, 39901
What are the prime factors of 193431126?
2, 3, 7, 657929
List the prime factors of 151787625.
3, 5, 11, 31, 1187
List the prime factors of 62758032.
2, 3, 251, 5209
What are the prime factors of 89026676?
2, 227, 98047
What are the prime factors of 1445211397?
7, 2141, 96431
List the prime factors of 31834978.
2, 7, 2273927
What are the prime factors of 346433196?
2, 3, 28869433
What are the prime factors of 32692509?
3, 103, 35267
What are the prime factors of 417267598?
2, 11, 47, 403547
What are the prime factors of 38465494?
2, 1061, 18127
List the prime factors of 17156005.
5, 3431201
List the prime factors of 47273250.
2, 3, 5, 63031
What are the prime factors of 64602484?
2, 2857, 5653
What are the prime factors of 221998680?
2, 3, 5, 43, 14341
What are the prime factors of 2692229156?
2, 673057289
List the prime factors of 292373893.
7, 2333, 17903
List the prime factors of 223604942.
2, 11, 23, 441907
What are the prime factors of 73006481?
8059, 9059
What are the prime factors of 29467985?
5, 167, 35291
What are the prime factors of 887018578?
2, 443509289
What are the prime factors of 477625983?
3, 43, 53, 69859
List the prime factors of 34647573.
3, 59, 61, 3209
List the prime factors of 1459365088.
2, 23, 1982833
What are the prime factors of 707174731?
707174731
List the prime factors of 11311800.
2, 3, 5, 17, 1109
List the prime factors of 3151797758.
2, 1575898879
List the prime factors of 106858128.
2, 3, 13, 19, 9013
List the prime factors of 10739426.
2, 5369713
List the prime factors of 97083657.
3, 11, 326881
What are the prime factors of 318564139?
17, 18739067
List the prime factors of 528690581.
23, 22986547
List the prime f